q(y).
-1
Suppose -4*t + 0*u + 4*u = 8, -3*u - 2 = -t. Let q be (5 + t)/((-2)/10). Let i(h) = 5*h - 3*h + 7 - h. Give i(q).
2
Let p(f) = f**3 - 6*f**2 + 5*f - 4. Let o be (-3 + 27)/(-3) + 0/(-1). Let n be (-2)/o + 247/52. Determine p(n).
-4
Let b(v) = 7 + v - 8*v + 15*v - 5*v - 2*v. Determine b(-17).
-10
Let t(r) be the first derivative of -r**3/3 - r**2 - r + 1. Let z(w) be the first derivative of t(w). Let i be 2*(6/(-10) - (-12)/(-5)). Calculate z(i).
10
Let x(q) be the first derivative of -q**4/2 - 2*q**3/3 + q + 45. Determine x(-2).
9
Let r(a) = -a + 8. Suppose 4*s - 42 = -2. Give r(s).
-2
Suppose -t + 2*t = 3. Let k be t/(-2)*(-72)/27. Let n(m) = -14*m**2 + 3*m**3 - 4*m - 5*m**3 + 3*m**3 + 2 + 11*m**2. Give n(k).
2
Let n be 2*(-3)/2 - -1. Let b(z) = 208*z - 101*z + 3 - 101*z. Give b(n).
-9
Let m = 60 - 58. Let q(h) = h**2. Give q(m).
4
Let x(m) = m**3 - 7*m**2 - m + 7. Let b(s) = -s**3 - 13*s**2 - 12*s + 16. Let j be b(-12). Suppose c = j*c - 105. What is x(c)?
0
Suppose -5*r + 4*o + 386 = 0, -5*o - 62 = -4*r + 245. Suppose -2*u = -u - r. Let s(a) = -u*a - 2 + 74*a + 1. Calculate s(-2).
7
Let p(l) = -l**2 - 7*l - 3. Let c be 165/(-57) + (-30)/285. Calculate p(c).
9
Let a(z) = 3*z**3 + 9 + 8*z - 4*z**3 + 13*z - 30*z + 0*z**3 + 9*z**2. Let p be (-1 - 1)/((-3)/12). What is a(p)?
1
Let r(o) be the third derivative of o**4/12 - 7*o**3/3 - 2*o**2. Let j = 336 - 326. Determine r(j).
6
Let j = 311 + -322. Let f(g) = -g**3 - 10*g**2 + 9*g + 2. What is f(j)?
24
Let r(u) be the first derivative of u**2 - 1/4*u**4 + 5*u + 4 - 4/3*u**3. Determine r(-4).
-3
Let d be (-48)/(-26) + 6/39. Let t = -1 - d. Let c(m) = m + 5. Let h(q) = -q - 4. Let o(z) = -3*c(z) - 2*h(z). Calculate o(t).
-4
Suppose 4 - 6 = -u. Let y(w) = -12*w**u - w**3 - 1 + 2*w**2 + 5*w**2 + 7*w + 3. Suppose h + 2*h = -18. Determine y(h).
-4
Let i(q) = -2*q**3 + 25*q**2 + 19*q + 23. Let u(f) = -f**3 + 12*f**2 + 9*f + 11. Let o(t) = 6*i(t) - 13*u(t). Calculate o(7).
23
Suppose 4*m + 3*q = -6, 0 = 2*m + 3*q - 0*q + 6. Let f(g) be the first derivative of -g**2/2 - 8*g + 1. Determine f(m).
-8
Let b(f) = -f + 24. Let l be b(17). Let n(x) = 9*x + 7*x**2 - x**3 - l*x - 7*x + 6. Calculate n(6).
12
Let b(l) be the second derivative of l**3/6 + 2*l**2 - 25*l. What is b(0)?
4
Let q be 4/12 + (-806)/(-93). Let w(f) = -f + 22. Determine w(q).
13
Let u(w) = -4 + 15 - 3 + 0 - w + 8. Determine u(6).
10
Let s(b) = -5*b**3 - 11*b**2 + 5*b - 6. Let y(p) be the first derivative of p**4/4 + p**3/3 - p**2/2 + p - 8. Let c(m) = s(m) + 6*y(m). Give c(5).
-5
Suppose -5*x - 240 = -35*x. Suppose -35 = -3*w - 5. Suppose -6*v + w = -x*v. Let i(u) = u**2 + 5*u + 5. Determine i(v).
5
Let u be 1/((2 + -3)/9) + 1. Let k(i) = i**3 + 9*i**2 + 8*i + 5. Determine k(u).
5
Let a(b) be the first derivative of b**6/120 + 2*b**5/15 + 7*b**4/24 - 2*b**3/3 - 9*b**2/2 - 4. Let h(m) be the second derivative of a(m). Calculate h(-7).
-4
Let b(h) = -h**3 + h**2 + 6*h - 1. Let i(v) = -4*v**3 + 8*v**2 + 31*v - 4. Let p(f) = -5*b(f) + i(f). What is p(-3)?
-2
Let d(q) = -12 + 14*q + 0 - 12*q - 5*q. Determine d(-11).
21
Suppose 5*y + 18 = 5*f - 12, -y + 6 = 5*f. Let z(h) be the second derivative of -h**3 - f*h + 0 + h**2 + 1/12*h**4. Calculate z(3).
-7
Let a(n) = n**2 + 2*n + 4. Let j(i) = -i. Let c(r) = -7*r**3 + r**2 + r + 1. Let f be c(-1). Suppose 4*h = -8, 3*b - 2 = -h + f. Let l be j(b). Calculate a(l).
12
Let i(z) = -z**2 + 7. Let b = 431 - 428. Determine i(b).
-2
Suppose 4*v - 14 = 3*v. Let p = v + -11. Let d(z) = -29 + 28 - 2*z + 3*z. What is d(p)?
2
Let a(l) = -4*l**3 + 16*l**2 - l - 29. Let t(y) = 5*y**3 - 16*y**2 + 2*y + 29. Let m(j) = 4*a(j) + 3*t(j). What is m(16)?
3
Let h(k) = -2*k**2 + 4*k**2 + 1 - 221*k + 209*k. Determine h(8).
33
Let k(c) = -c**3 - 7*c**2 + 9*c - 6. Suppose 2*d = -7 + 15, -5*d + 47 = 3*u. Let p be 4 + 12*(-6)/u + -4. Give k(p).
-14
Suppose -21 = -n - 5*z, 5*n - 5*z + z = -40. Let k be (n/(-3))/(14/(-21)). Let x(t) = t**3 + 4*t**2 - t - 2. Determine x(k).
8
Let w(i) = -2*i**2 + 11*i - 6. Let y(u) = -u**2 + 10*u - 5. Let a(c) = 6*w(c) - 7*y(c). Let b(d) = -16*d**2 - 13*d - 4. Let j(f) = -7*a(f) + 2*b(f). Give j(-2).
7
Let r(s) = -s**2 + s + 2. Let m be (-8)/6*6/4. Let n be r(m). Let i(d) = -7*d + 37. Let q(k) = -3*k + 14. Let u(w) = -2*i(w) + 5*q(w). Calculate u(n).
0
Let i(w) = -w**2 - 17*w + 5. Let d(s) = s**2 + 16*s - 5. Let m(x) = -3*d(x) - 2*i(x). Let b be m(-15). Let r be 12/30 + 4/b. Let u(f) = f + 10. Determine u(r).
10
Let s(h) = h**3 + 4*h**2 + 2*h - 1. Let g(n) = -n - 12. Let d be g(-9). Let u(c) = 2*c + 3. Let k be u(d). Calculate s(k).
2
Let o(n) = n**2 - 14*n + 17. Suppose -2*g - 4*w = -24, 22*w - 18*w = 0. Determine o(g).
-7
Let z(r) = r**2 + 17*r + 32. Let w be z(-15). Let p(t) = 7 + t**3 - 5*t**2 + 7*t**2 + 3*t**w + 3*t. Calculate p(-5).
-8
Suppose -4*s = 4*a + 40, 8*s = 4*s + 4*a - 24. Let z(x) = x**2 + 10*x + 19. Calculate z(s).
3
Let b(z) be the second derivative of -z**5/20 - z**4/4 - z**3/3 - 2*z**2 - 6*z + 2. Determine b(-3).
2
Let a(s) be the third derivative of -s**5/60 - s**4/2 - s**3/6 + 236*s**2. Determine a(-11).
10
Let p(q) = -q - 1. Let x(u) = -u**2 + 6*u - 2. Let y(d) = -2*d**2 + 11*d - 3. Let n(h) = 5*x(h) - 2*y(h). Let o(l) = n(l) + 2*p(l). Determine o(4).
2
Suppose 0 - 3 = -3*i - 3*v, 5*i = 2*v + 19. Let m(n) = -n + i*n - 3 + 0*n - n. What is m(3)?
0
Let k = -41 + 52. Let u = 3 - k. Let t(a) = -a**2 - 6*a - 1. Determine t(u).
-17
Let d(a) = a**2 + 2*a - 1. Let m(l) = -5*l**2 - 6*l + 6. Let g(k) = -4*d(k) - m(k). Calculate g(5).
13
Suppose 2*r + 3*r - 15 = 0. Suppose -28 = -4*b - 2*n, r*b + 0 = 3*n + 3. Let h(y) = -y**2 + 5*y + 6. What is h(b)?
6
Let d(s) = -2*s**2 - 30*s - 30. Let f be d(-14). Let k(c) = -4*c - 1. Give k(f).
7
Let j(c) = -1 + 2 - 3 + c. Determine j(-4).
-6
Let c(l) = -1 + l + 10*l - 19*l. What is c(1)?
-9
Suppose -2 = -4*n + 2*a, 0 = -5*n - 16*a + 13*a - 14. Let w(k) = -1. Let r(u) = 2 + 1 - 3*u + 1. Let l(c) = n*r(c) - 5*w(c). Determine l(-1).
-2
Let d = -15 + 10. Let s(y) = 6*y - 66. Suppose -49 = 3*o - 43. Let r(f) = -f + 13. Let q(g) = o*s(g) - 11*r(g). Give q(d).
-6
Let s(n) = 4*n**2 + 5*n + 2. Let i(p) = -2*p**2 + 36*p + 35. Let h be i(19). What is s(h)?
23
Let i(l) be the third derivative of -l**5/30 - 5*l**4/8 + l**3/2 - l**2 - 23*l. Calculate i(-8).
-5
Suppose 12 = 5*v - 8. Suppose i = -8 - 1. Let s(b) = 4*b + 11. Let m(g) = 2*g + 5. Let f(l) = i*m(l) + v*s(l). What is f(-6)?
11
Let t(u) be the second derivative of -u**4/12 - 2*u**3/3 + 5*u**2/2 - 65*u + 2. What is t(-4)?
5
Let m(b) be the first derivative of -b**4/4 + 7*b**3/3 - 4*b**2 + 151. Determine m(6).
-12
Let y(j) = 4*j - 26. Let f be y(7). Let d(s) = 2 + 4 - 19*s**f + 18*s**2 - 1 - s. Give d(-4).
-7
Let y(r) = r**2 - 7*r - 7. Let d(u) = 2*u**2 - 11*u + 3. Let a be d(5). Let g be (-10)/55 - (a - 35/11). What is y(g)?
-17
Let i(b) = -3*b**3 - 18*b**2 - 27*b - 29. Let d(o) = -2*o**3 - 12*o**2 - 18*o - 19. Let l(v) = -7*d(v) + 5*i(v). Determine l(-5).
8
Let y(u) be the first derivative of u**6/360 - 3*u**5/40 - u**4/24 - 32*u**3/3 + 18. Let l(s) be the third derivative of y(s). Determine l(9).
-1
Suppose 3*g - 5*g = 0. Let x = -14 + g. Let c = 8 + x. Let u(s) = s**2 + 2*s - 6. Calculate u(c).
18
Let f(u) = 3*u + 70. Let m(b) = -3*b - 71. Let a(z) = -3*f(z) - 2*m(z). Determine a(-24).
4
Let c(b) = 9*b + 37. Let m(f) = -f + 2. Let h(i) = -c(i) - 6*m(i). Let r be h(-19). Let n(y) = -y + 8. Calculate n(r).
0
Suppose 0 = 4*c - 0*c. Let z(w) = 3*w + 3. Let x(i) = -6*i - 7. Let t(s) = 4*x(s) + 9*z(s). Let n(a) = -a. Let m(h) = 11*n(h) + 4*t(h). Calculate m(c).
-4
Let i(u) = 2*u**2 - u. Let k(s) = -4*s**2 + s. Let l(f) = -6*i(f) - 5*k(f). Suppose -4*m + 0 = 4. What is l(m)?
7
Let b be (-8 - -1)/(8/(-11 + 3)). Let j(m) = 9*m + b - 24*m + 13*m. What is j(8)?
-9
Let u(i) = -i**3 - 2*i**2 - 3*i - 7. Suppose 0 = -f + x - 1, -58*x = 3*f - 62*x + 1. Calculate u(f).
11
Let g(f) = f**3 - 6*f**2 + f. Let c be -1 + -2 + 1/(-2)*-14. Let p = -14 - -40. Suppose -l - 4 + 3 = 0, -2*l - p = -c*i. Calculate g(i).
6
Let q(g) = -g - 1. Suppose -2*b + w + 4*w = 32, 3*b = -4*w - 2. Let a be b/15 - 27/(-5). Suppose 2*f - a*v - 14 = 0, 3*v = 3*f + 5*v + 17. What is q(f)?
2
Suppose -7*p - 64 = -15*p. Let w = 14 - p. Let f